posite?
True
Is 67/(2/(-35338)*-1) a composite number?
True
Let d = 68644 + -24065. Is d a prime number?
True
Is (-55)/22*(-3863834)/65 composite?
False
Suppose -218419 = 15*x - 2759878 - 968076. Is x composite?
False
Let s = -11531 + 17018. Let d = s + -1846. Is d a prime number?
False
Is (436457/(-56) - -5)/(2/(-48)) prime?
False
Suppose -m = 9*m - 30. Suppose -4*b = m*w - 33, 0 - 13 = -b + 4*w. Suppose -b*q + 314 = -7*q. Is q a prime number?
True
Let v = 3096 - -1765. Is v composite?
False
Let p = -4827 + 7994. Suppose 487 = -5*z + p. Suppose 3*h - 937 = z. Is h composite?
False
Let q = 394 + -389. Suppose -q*b + 28169 = 4*n, 20*b + 5*n - 28165 = 15*b. Is b a prime number?
False
Suppose 26*r - 5*y = 22*r + 136781, -102582 = -3*r + 5*y. Is r a composite number?
True
Let o(m) = 90*m + 1. Let u be o(1). Let p be (-2)/(-3) - u/21*-1. Suppose -p*y + 1522 - 227 = 0. Is y prime?
False
Let h be (-50)/1 - (-11 + 8). Let j = 252 - h. Is j composite?
True
Let z = -30793 + 49224. Is z a prime number?
False
Suppose 2*o - 48 = 3*a, -a - 1 = -5. Suppose 5*t + 35 = 2*t + 4*s, o = -4*t - 3*s. Let l(g) = -27*g + 16. Is l(t) a composite number?
True
Let s = 84 + -80. Suppose 5*a = s*j - 623, -4*j + 191 = 2*a - 439. Is j prime?
True
Suppose 244*v = 248*v + 1552. Let b(y) = -182*y**2 - 4*y - 3. Let n be b(-2). Let i = v - n. Is i composite?
True
Is 1 + 1/(-3) - (-15642238)/246 prime?
True
Let a be 2*(4 - 1) - 63/9. Is 3 + 1 + a - (2 + -952) prime?
True
Suppose -772 = -3*f - 5*h, 13 = 4*h + 5. Let r(t) = 2*t**2 - 26*t - 17. Let y be r(17). Let a = f + y. Is a a composite number?
False
Let y = 9801 - 4177. Suppose 8*i - 50352 = -y. Is i a composite number?
False
Let g(v) = 13*v**2 + 179*v + 17. Let t = 589 + -619. Is g(t) prime?
False
Let a be 6 - (15606/(-135))/((-4)/(-10)). Let b be 2/4 + (-133)/14. Is a + 1 + b/3 composite?
False
Let x(d) = 15407*d**2 - 25*d - 53. Let o be x(-2). Suppose -14*n + 227679 = o. Is n prime?
False
Is (1 - 93524)/(-19 + 7 - -11) prime?
True
Suppose 2*d = 13 - 1. Let z(r) = 20*r**3 + r**2 - 15*r + 3. Is z(d) a prime number?
False
Suppose g = -b + 116501, -3*g + 4*b = -2*g - 116531. Is g a prime number?
True
Let v(k) = -18*k + 59. Let s be v(3). Suppose 4*q = -12, 2*g + 29403 = s*g - 4*q. Is g composite?
True
Suppose 0 = -2*f + 5*k, -3*k + 10 = -4*f - 18. Let b(p) = 16*p**2 - 47*p - 7. Is b(f) a composite number?
False
Suppose 4*r + 55 = 5*s, s + 3*r + 2*r - 11 = 0. Let o = s + -8. Suppose -o = -b + 730. Is b a prime number?
True
Suppose -8*m = -11476 - 8860. Suppose -12*d + 15626 = -m. Is d prime?
False
Let f(d) = 50177*d - 383. Is f(2) a composite number?
False
Suppose 0 = -4*o - 3846 - 7138. Suppose 78475 - 22404 = -47*h. Let g = h - o. Is g composite?
False
Let t(w) = 13*w**2 - 8*w + 8. Suppose 5*c + 3 = 2*r, -3*r - c = -0*r - 47. Let b(l) = l**3 - 13*l**2 - 13*l - 9. Let o be b(r). Is t(o) a prime number?
True
Suppose 0 = 4*y + 5 - 17. Let w be y + 0/(-10)*(-2)/4. Suppose 146 = w*i - 13. Is i a prime number?
True
Is (-2892176)/(-42) - 7/84*4 a prime number?
False
Let k(t) = 268*t - 43. Let x(v) = -135*v + 20. Let b(d) = 6*k(d) + 13*x(d). Is b(-21) composite?
False
Is 21 - (-2 - -25 - 315129) composite?
False
Let m be -1*(4 - 5)*(5 + 5). Suppose -4*g = -2*p + 17860, -p - 4*g + 662 = -8238. Suppose -m*o + 30 = -p. Is o a composite number?
True
Suppose 66*h - 130*h = 55*h - 21150941. Is h a prime number?
True
Let n = 244167 + 6570. Is n a composite number?
True
Suppose 2*h + 2*c - 544365 - 74331 = 0, 0 = 5*h - 3*c - 1546732. Is h a composite number?
True
Suppose 2*z = -3*m + 978815, -2088*m = -2087*m + 4*z - 326295. Is m prime?
False
Let d(q) = -2*q**3 - 12*q**2 + 12*q - 7. Let p be d(-7). Suppose 4*c - p*c = z - 21662, z = 5. Is c composite?
False
Suppose -9*m - 12*m + 168 = 0. Let c(x) be the third derivative of x**4/8 + 5*x**3/3 - x**2. Is c(m) a prime number?
False
Suppose -42*d - 5*g - 90447 = -46*d, d - 22608 = 5*g. Is d a composite number?
False
Let r(u) = 190*u**2 + 9*u - 106. Is r(7) composite?
True
Is (33697519/(-51))/((3*(-6)/(-18))/(-3)) prime?
True
Suppose 0 = d - 5*a - 23274, -174*a - 116230 = -5*d - 177*a. Is d a composite number?
True
Let m be (-31)/62 + (11866/4)/(-1). Let h = m + 5300. Is h a prime number?
True
Suppose -2107*s + 2129*s = 50981194. Is s prime?
True
Suppose -458966 = -3*p + 3*b + 27661, 0 = -4*b + 32. Is p prime?
False
Let z(v) be the third derivative of 7*v**4/12 + 697*v**3/6 + 72*v**2. Is z(0) a composite number?
True
Suppose -3*l = 3*w + l - 23987, 0 = 5*w + l - 39967. Suppose -4*f - 4*u + w = -3347, -2*u = 3*f - 8503. Is f composite?
False
Suppose -4*j + 20*j - 3328 = 0. Suppose 5*c - 4*c - 865 = 0. Let s = j + c. Is s composite?
True
Let v be (-4)/38 + 679/133. Suppose 2*y - 8*c + v*c - 11863 = 0, -y + 2*c = -5929. Is y a prime number?
True
Let g be (-3 + 0)/(-4 + 5). Let s be (-38)/4*(-3 + -2 - g). Let l(m) = -m**3 + 22*m**2 - 24*m - 41. Is l(s) a composite number?
True
Suppose 58*y - 9622879 - 7428388 = -105*y. Is y prime?
False
Let w(i) = 1425*i - 220. Suppose -39 = -4*z - 3. Is w(z) prime?
False
Let g(x) = -15*x - 46. Let d be g(-18). Suppose 5*w - 926 - 663 = 4*i, w - 322 = 5*i. Let u = d + w. Is u a composite number?
False
Let a be (-650)/(8/(-60) + 0). Suppose a = r - 4*x, 4*r - x - 11414 - 8101 = 0. Suppose -9*l = -2186 - r. Is l a composite number?
True
Let r = 172 + -174. Is -5939*-1*5/(r - -7) prime?
True
Let k(m) = -2*m**3 + 3*m**2 - m - 12. Let v be k(-4). Suppose 4*p - 7*p + v = 0. Suppose x = p + 3. Is x prime?
True
Let s(q) = q**3 + 8*q**2 + 7*q - 3. Let d be s(-7). Let k be 1/d*(10 - 7). Is k*(0 - -4) + 297 composite?
False
Let k be -2 - -1*(-1 - -3). Let q(j) = -39*j**2 - 7*j**3 + 43*j**2 - 3 + 2*j + k. Is q(-4) composite?
True
Let l = -473421 - -674178. Is l composite?
True
Suppose -19 + 7 = -4*f + 2*a, -3*f + 5*a = 5. Suppose 2*n + f*t - 11922 = 0, 3*t + 12 = -0*t. Is n a prime number?
False
Let c(j) be the second derivative of -4519*j**3/6 + 5*j**2 + 7*j - 9. Is c(-3) prime?
True
Suppose 5*l + 6 = 16. Suppose -2*s + 1007 = d, -s - 1262 = -l*d + 757. Is d prime?
True
Let m(y) = y**2 + 8*y - 15. Let s be m(-10). Let d be -2 + 24591/15 + (-2)/s. Suppose 24*g + d = 25*g. Is g composite?
False
Is -4 + 90495/27*54/30 prime?
True
Let r = 299629 - 159620. Is r composite?
False
Let v(k) = -k**2 - 3*k - 537. Let y be v(0). Let d = -2687 + 542. Is (-1)/(-4 + d/y) prime?
True
Suppose 12*w - 7463 = 17245. Suppose -3*z + 1050 + w = -4*u, -4*z + 4157 = -3*u. Is z composite?
True
Let y(c) be the second derivative of -c**3/2 + 7*c**2 + 17*c. Let v be y(5). Is ((-6)/(-6) - (-2482 - -1)) + v prime?
False
Let i(b) = 14297*b + 588. Is i(5) a composite number?
False
Let z(g) = 2*g**2 - 10*g - 18. Let y be z(-12). Let d = -247 - y. Let x = 1320 + d. Is x a composite number?
False
Let n(k) = 96833*k + 5309. Is n(6) prime?
False
Let o(s) be the first derivative of s**5/30 - 11*s**4/24 + 2*s**3/3 + 10*s**2 + 2. Let p(u) be the second derivative of o(u). Is p(-10) composite?
True
Suppose 34*m - 38*m + 38860 = 0. Suppose -3*z = -8*z + m. Is z composite?
True
Let j(n) be the first derivative of -97*n**4/4 - 7*n**3/3 - 3*n**2 - 3*n + 23. Is j(-2) prime?
True
Let d be 21/(-2)*(0 + 2). Let v(p) = 5*p**2 + 27*p + 16. Let m be v(d). Let t = m + -593. Is t a prime number?
True
Let n be (2 - 0 - -4) + (-1 - 3). Is -5 - (-451 - 10/n) a prime number?
False
Suppose 124933 = 2*q - 5*n, -4*q - 20545 = 5*n - 270366. Is q a composite number?
False
Let g(c) be the second derivative of 130*c**3/3 - 87*c**2/2 + 41*c. Is g(7) a composite number?
False
Let s = -585247 + 1035860. Is s a composite number?
True
Let l(d) = -2*d - 16. Let j be l(-10). Let h be 2*j/(4 + -6). Is h/6*14*(-27)/12 prime?
False
Suppose 10*x = 22050 - 390320. Let v = -11050 - x. Is v a composite number?
True
Suppose -17 = -6*f + 1. Suppose 4*q = 4*x - f*x - 42, 3*x = 5*q + 112. Let m = x + 135. Is m a prime number?
False
Suppose -14760*k = -14694*k - 48942498. Is k a composite number?
True
Suppose -1 = 2*w - 1. Suppose w = 10*x + 18 - 58. Suppose -5*k + 11986 = 4*t - 6838, 5*k + 18864 = x*t. Is t composite?
True
Let t = -70574 + 394777. Is t a prime number?
False
Suppose -4*q + 3*k = -12, 4*q + 2*k = 1 + 11. Let p(i) = 264*i**3 - 14*i**2 - 3*i + 